{"id":1910,"date":"2021-03-25T12:06:02","date_gmt":"2021-03-25T11:06:02","guid":{"rendered":"https:\/\/dev.5istelecom.fr\/?page_id=1910"},"modified":"2021-04-28T15:41:05","modified_gmt":"2021-04-28T13:41:05","slug":"blog","status":"publish","type":"page","link":"https:\/\/dev.5istelecom.fr\/index.php\/blog\/","title":{"rendered":"Blog"},"content":{"rendered":"\t\t<div data-elementor-type=\"wp-page\" data-elementor-id=\"1910\" class=\"elementor elementor-1910\" data-elementor-settings=\"[]\">\n\t\t\t\t\t\t<div class=\"elementor-inner\">\n\t\t\t\t\t\t\t<div class=\"elementor-section-wrap\">\n\t\t\t\t\t\t\t<section class=\"elementor-section elementor-top-section elementor-element elementor-element-1b8fd13 elementor-section-boxed elementor-section-height-default elementor-section-height-default\" data-id=\"1b8fd13\" data-element_type=\"section\">\n\t\t\t\t\t\t<div class=\"elementor-container elementor-column-gap-default\">\n\t\t\t\t\t\t\t<div class=\"elementor-row\">\n\t\t\t\t\t<div class=\"elementor-column elementor-col-100 elementor-top-column elementor-element elementor-element-1aa8198\" data-id=\"1aa8198\" data-element_type=\"column\">\n\t\t\t<div class=\"elementor-column-wrap elementor-element-populated\">\n\t\t\t\t\t\t\t<div class=\"elementor-widget-wrap\">\n\t\t\t\t\t\t<section class=\"elementor-section elementor-inner-section elementor-element elementor-element-8313232 elementor-section-boxed elementor-section-height-default elementor-section-height-default\" data-id=\"8313232\" data-element_type=\"section\">\n\t\t\t\t\t\t<div class=\"elementor-container elementor-column-gap-default\">\n\t\t\t\t\t\t\t<div class=\"elementor-row\">\n\t\t\t\t\t<div class=\"elementor-column elementor-col-50 elementor-inner-column elementor-element elementor-element-61a4d7d\" data-id=\"61a4d7d\" data-element_type=\"column\">\n\t\t\t<div class=\"elementor-column-wrap elementor-element-populated\">\n\t\t\t\t\t\t\t<div class=\"elementor-widget-wrap\">\n\t\t\t\t\t\t<div class=\"elementor-element elementor-element-a3bc708 elementor-widget-divider--view-line_text elementor-widget-divider--element-align-right elementor-widget elementor-widget-divider\" data-id=\"a3bc708\" data-element_type=\"widget\" data-widget_type=\"divider.default\">\n\t\t\t\t<div class=\"elementor-widget-container\">\n\t\t\t\t\t<div class=\"elementor-divider\">\n\t\t\t<span class=\"elementor-divider-separator\">\n\t\t\t\t\t\t<\/span>\n\t\t<\/div>\n\t\t\t\t<\/div>\n\t\t\t\t<\/div>\n\t\t\t\t<div class=\"elementor-element elementor-element-b01420e elementor-widget elementor-widget-heading\" data-id=\"b01420e\" data-element_type=\"widget\" data-widget_type=\"heading.default\">\n\t\t\t\t<div class=\"elementor-widget-container\">\n\t\t\t<h2 class=\"elementor-heading-title elementor-size-default\">Nos articles<\/h2>\t\t<\/div>\n\t\t\t\t<\/div>\n\t\t\t\t\t\t<\/div>\n\t\t\t\t\t<\/div>\n\t\t<\/div>\n\t\t\t\t<div class=\"elementor-column elementor-col-50 elementor-inner-column elementor-element elementor-element-c5e569a\" data-id=\"c5e569a\" data-element_type=\"column\">\n\t\t\t<div class=\"elementor-column-wrap\">\n\t\t\t\t\t\t\t<div class=\"elementor-widget-wrap\">\n\t\t\t\t\t\t\t\t<\/div>\n\t\t\t\t\t<\/div>\n\t\t<\/div>\n\t\t\t\t\t\t\t\t<\/div>\n\t\t\t\t\t<\/div>\n\t\t<\/section>\n\t\t\t\t\t\t<\/div>\n\t\t\t\t\t<\/div>\n\t\t<\/div>\n\t\t\t\t\t\t\t\t<\/div>\n\t\t\t\t\t<\/div>\n\t\t<\/section>\n\t\t\t\t<section class=\"elementor-section elementor-top-section elementor-element elementor-element-d49c9be elementor-section-boxed elementor-section-height-default elementor-section-height-default\" data-id=\"d49c9be\" data-element_type=\"section\">\n\t\t\t\t\t\t<div class=\"elementor-container elementor-column-gap-default\">\n\t\t\t\t\t\t\t<div class=\"elementor-row\">\n\t\t\t\t\t<div class=\"elementor-column elementor-col-100 elementor-top-column elementor-element elementor-element-f6ec2d8\" data-id=\"f6ec2d8\" data-element_type=\"column\">\n\t\t\t<div class=\"elementor-column-wrap elementor-element-populated\">\n\t\t\t\t\t\t\t<div class=\"elementor-widget-wrap\">\n\t\t\t\t\t\t<div class=\"elementor-element elementor-element-a42a050 elementor-grid-2 elementor-posts--thumbnail-left elementor-grid-tablet-1 elementor-grid-mobile-1 elementor-widget elementor-widget-posts\" data-id=\"a42a050\" data-element_type=\"widget\" data-settings=\"{&quot;classic_columns&quot;:&quot;2&quot;,&quot;classic_row_gap&quot;:{&quot;unit&quot;:&quot;px&quot;,&quot;size&quot;:30,&quot;sizes&quot;:[]},&quot;classic_columns_tablet&quot;:&quot;1&quot;,&quot;classic_columns_mobile&quot;:&quot;1&quot;}\" data-widget_type=\"posts.classic\">\n\t\t\t\t<div class=\"elementor-widget-container\">\n\t\t\t\t\t<div class=\"elementor-posts-container elementor-posts elementor-posts--skin-classic elementor-grid\">\n\t\t\t\t<article class=\"elementor-post elementor-grid-item post-1816 post type-post status-publish format-standard has-post-thumbnail hentry category-non-classe\">\n\t\t\t\t<a class=\"elementor-post__thumbnail__link\" href=\"https:\/\/dev.5istelecom.fr\/index.php\/2021\/03\/25\/logiciel-et-telephonie-le-controle-qualite-en-temps-reel\/\" target=\"_blank\">\n\t\t\t<div class=\"elementor-post__thumbnail\"><img width=\"1200\" height=\"480\" src=\"https:\/\/dev.5istelecom.fr\/wp-content\/uploads\/2021\/03\/O6POE40-1200x480-1.jpg\" class=\"attachment-full size-full\" alt=\"\" loading=\"lazy\" srcset=\"https:\/\/dev.5istelecom.fr\/wp-content\/uploads\/2021\/03\/O6POE40-1200x480-1.jpg 1200w, https:\/\/dev.5istelecom.fr\/wp-content\/uploads\/2021\/03\/O6POE40-1200x480-1-300x120.jpg 300w, https:\/\/dev.5istelecom.fr\/wp-content\/uploads\/2021\/03\/O6POE40-1200x480-1-1024x410.jpg 1024w, https:\/\/dev.5istelecom.fr\/wp-content\/uploads\/2021\/03\/O6POE40-1200x480-1-768x307.jpg 768w\" sizes=\"(max-width: 1200px) 100vw, 1200px\" \/><\/div>\n\t\t<\/a>\n\t\t\t\t<div class=\"elementor-post__text\">\n\t\t\t\t<h3 class=\"elementor-post__title\">\n\t\t\t<a href=\"https:\/\/dev.5istelecom.fr\/index.php\/2021\/03\/25\/logiciel-et-telephonie-le-controle-qualite-en-temps-reel\/\" target=\"_blank\">\n\t\t\t\tLogiciel et t\u00e9l\u00e9phonie : le contr\u00f4le qualit\u00e9 en temps r\u00e9el\t\t\t<\/a>\n\t\t<\/h3>\n\t\t\t\t\t<a class=\"elementor-post__read-more\" href=\"https:\/\/dev.5istelecom.fr\/index.php\/2021\/03\/25\/logiciel-et-telephonie-le-controle-qualite-en-temps-reel\/\" target=\"_blank\">\n\t\t\t\tEn savoir plus \u00bb\t\t\t<\/a>\n\t\t\t\t<\/div>\n\t\t\t\t<\/article>\n\t\t\t\t<article class=\"elementor-post elementor-grid-item post-1794 post type-post status-publish format-standard has-post-thumbnail hentry category-non-classe\">\n\t\t\t\t<a class=\"elementor-post__thumbnail__link\" href=\"https:\/\/dev.5istelecom.fr\/index.php\/2021\/03\/25\/piratage-telephonique-que-faire-pour-proteger-votre-entreprise\/\" target=\"_blank\">\n\t\t\t<div class=\"elementor-post__thumbnail\"><img width=\"1190\" height=\"480\" src=\"https:\/\/dev.5istelecom.fr\/wp-content\/uploads\/2021\/03\/OAV9F60-1190x480-1.jpg\" class=\"attachment-full size-full\" alt=\"\" loading=\"lazy\" srcset=\"https:\/\/dev.5istelecom.fr\/wp-content\/uploads\/2021\/03\/OAV9F60-1190x480-1.jpg 1190w, https:\/\/dev.5istelecom.fr\/wp-content\/uploads\/2021\/03\/OAV9F60-1190x480-1-300x121.jpg 300w, https:\/\/dev.5istelecom.fr\/wp-content\/uploads\/2021\/03\/OAV9F60-1190x480-1-1024x413.jpg 1024w, https:\/\/dev.5istelecom.fr\/wp-content\/uploads\/2021\/03\/OAV9F60-1190x480-1-768x310.jpg 768w\" sizes=\"(max-width: 1190px) 100vw, 1190px\" \/><\/div>\n\t\t<\/a>\n\t\t\t\t<div class=\"elementor-post__text\">\n\t\t\t\t<h3 class=\"elementor-post__title\">\n\t\t\t<a href=\"https:\/\/dev.5istelecom.fr\/index.php\/2021\/03\/25\/piratage-telephonique-que-faire-pour-proteger-votre-entreprise\/\" target=\"_blank\">\n\t\t\t\tPiratage t\u00e9l\u00e9phonique : que faire pour prot\u00e9ger votre entreprise ?\t\t\t<\/a>\n\t\t<\/h3>\n\t\t\t\t\t<a class=\"elementor-post__read-more\" href=\"https:\/\/dev.5istelecom.fr\/index.php\/2021\/03\/25\/piratage-telephonique-que-faire-pour-proteger-votre-entreprise\/\" target=\"_blank\">\n\t\t\t\tEn savoir plus \u00bb\t\t\t<\/a>\n\t\t\t\t<\/div>\n\t\t\t\t<\/article>\n\t\t\t\t<article class=\"elementor-post elementor-grid-item post-1781 post type-post status-publish format-standard has-post-thumbnail hentry category-non-classe\">\n\t\t\t\t<a class=\"elementor-post__thumbnail__link\" href=\"https:\/\/dev.5istelecom.fr\/index.php\/2021\/03\/25\/selectour-bleu-voyages-choisit-5is-pour-lactualisation-de-la-telephonie-sur-ses-40-sites\/\" target=\"_blank\">\n\t\t\t<div class=\"elementor-post__thumbnail\"><img width=\"600\" height=\"393\" src=\"https:\/\/dev.5istelecom.fr\/wp-content\/uploads\/2021\/03\/Boutique-BLEU-2.jpg\" class=\"attachment-full size-full\" alt=\"\" loading=\"lazy\" srcset=\"https:\/\/dev.5istelecom.fr\/wp-content\/uploads\/2021\/03\/Boutique-BLEU-2.jpg 600w, https:\/\/dev.5istelecom.fr\/wp-content\/uploads\/2021\/03\/Boutique-BLEU-2-300x197.jpg 300w\" sizes=\"(max-width: 600px) 100vw, 600px\" \/><\/div>\n\t\t<\/a>\n\t\t\t\t<div class=\"elementor-post__text\">\n\t\t\t\t<h3 class=\"elementor-post__title\">\n\t\t\t<a href=\"https:\/\/dev.5istelecom.fr\/index.php\/2021\/03\/25\/selectour-bleu-voyages-choisit-5is-pour-lactualisation-de-la-telephonie-sur-ses-40-sites\/\" target=\"_blank\">\n\t\t\t\tSelectour Bleu Voyages choisit 5IS pour l\u2019actualisation de la t\u00e9l\u00e9phonie sur ses 40 sites\t\t\t<\/a>\n\t\t<\/h3>\n\t\t\t\t\t<a class=\"elementor-post__read-more\" href=\"https:\/\/dev.5istelecom.fr\/index.php\/2021\/03\/25\/selectour-bleu-voyages-choisit-5is-pour-lactualisation-de-la-telephonie-sur-ses-40-sites\/\" target=\"_blank\">\n\t\t\t\tEn savoir plus \u00bb\t\t\t<\/a>\n\t\t\t\t<\/div>\n\t\t\t\t<\/article>\n\t\t\t\t<article class=\"elementor-post elementor-grid-item post-1663 post type-post status-publish format-standard has-post-thumbnail hentry category-non-classe\">\n\t\t\t\t<a class=\"elementor-post__thumbnail__link\" href=\"https:\/\/dev.5istelecom.fr\/index.php\/2021\/03\/22\/comment-anticipier-au-mieux-la-fin-du-reseau-rtc\/\" target=\"_blank\">\n\t\t\t<div class=\"elementor-post__thumbnail\"><img width=\"800\" height=\"480\" src=\"https:\/\/dev.5istelecom.fr\/wp-content\/uploads\/2021\/03\/Borne_Tel_800px-800x480-1.jpg\" class=\"attachment-full size-full\" alt=\"\" loading=\"lazy\" srcset=\"https:\/\/dev.5istelecom.fr\/wp-content\/uploads\/2021\/03\/Borne_Tel_800px-800x480-1.jpg 800w, https:\/\/dev.5istelecom.fr\/wp-content\/uploads\/2021\/03\/Borne_Tel_800px-800x480-1-300x180.jpg 300w, https:\/\/dev.5istelecom.fr\/wp-content\/uploads\/2021\/03\/Borne_Tel_800px-800x480-1-768x461.jpg 768w\" sizes=\"(max-width: 800px) 100vw, 800px\" \/><\/div>\n\t\t<\/a>\n\t\t\t\t<div class=\"elementor-post__text\">\n\t\t\t\t<h3 class=\"elementor-post__title\">\n\t\t\t<a href=\"https:\/\/dev.5istelecom.fr\/index.php\/2021\/03\/22\/comment-anticipier-au-mieux-la-fin-du-reseau-rtc\/\" target=\"_blank\">\n\t\t\t\tComment anticipier, au mieux, la fin du r\u00e9seau RTC ?\t\t\t<\/a>\n\t\t<\/h3>\n\t\t\t\t\t<a class=\"elementor-post__read-more\" href=\"https:\/\/dev.5istelecom.fr\/index.php\/2021\/03\/22\/comment-anticipier-au-mieux-la-fin-du-reseau-rtc\/\" target=\"_blank\">\n\t\t\t\tEn savoir plus \u00bb\t\t\t<\/a>\n\t\t\t\t<\/div>\n\t\t\t\t<\/article>\n\t\t\t\t<article class=\"elementor-post elementor-grid-item post-1625 post type-post status-publish format-standard has-post-thumbnail hentry category-non-classe\">\n\t\t\t\t<a class=\"elementor-post__thumbnail__link\" href=\"https:\/\/dev.5istelecom.fr\/index.php\/2021\/03\/22\/comment-la-technologie-ip-a-seduit-le-circuit-paul-ricard\/\" target=\"_blank\">\n\t\t\t<div class=\"elementor-post__thumbnail\"><img width=\"1024\" height=\"480\" src=\"https:\/\/dev.5istelecom.fr\/wp-content\/uploads\/2021\/03\/F1-Avaya-Paul-Ricard-5IS-1024x480-1.jpeg\" class=\"attachment-full size-full\" alt=\"\" loading=\"lazy\" srcset=\"https:\/\/dev.5istelecom.fr\/wp-content\/uploads\/2021\/03\/F1-Avaya-Paul-Ricard-5IS-1024x480-1.jpeg 1024w, https:\/\/dev.5istelecom.fr\/wp-content\/uploads\/2021\/03\/F1-Avaya-Paul-Ricard-5IS-1024x480-1-300x141.jpeg 300w, https:\/\/dev.5istelecom.fr\/wp-content\/uploads\/2021\/03\/F1-Avaya-Paul-Ricard-5IS-1024x480-1-768x360.jpeg 768w\" sizes=\"(max-width: 1024px) 100vw, 1024px\" \/><\/div>\n\t\t<\/a>\n\t\t\t\t<div class=\"elementor-post__text\">\n\t\t\t\t<h3 class=\"elementor-post__title\">\n\t\t\t<a href=\"https:\/\/dev.5istelecom.fr\/index.php\/2021\/03\/22\/comment-la-technologie-ip-a-seduit-le-circuit-paul-ricard\/\" target=\"_blank\">\n\t\t\t\tComment la technologie IP a s\u00e9duit le circuit Paul Ricard\t\t\t<\/a>\n\t\t<\/h3>\n\t\t\t\t\t<a class=\"elementor-post__read-more\" href=\"https:\/\/dev.5istelecom.fr\/index.php\/2021\/03\/22\/comment-la-technologie-ip-a-seduit-le-circuit-paul-ricard\/\" target=\"_blank\">\n\t\t\t\tEn savoir plus \u00bb\t\t\t<\/a>\n\t\t\t\t<\/div>\n\t\t\t\t<\/article>\n\t\t\t\t<\/div>\n\t\t\t\t<\/div>\n\t\t\t\t<\/div>\n\t\t\t\t\t\t<\/div>\n\t\t\t\t\t<\/div>\n\t\t<\/div>\n\t\t\t\t\t\t\t\t<\/div>\n\t\t\t\t\t<\/div>\n\t\t<\/section>\n\t\t\t\t<section class=\"elementor-section elementor-top-section elementor-element elementor-element-090b75a elementor-section-boxed elementor-section-height-default elementor-section-height-default\" data-id=\"090b75a\" data-element_type=\"section\">\n\t\t\t\t\t\t<div class=\"elementor-container elementor-column-gap-default\">\n\t\t\t\t\t\t\t<div class=\"elementor-row\">\n\t\t\t\t\t<div class=\"elementor-column elementor-col-100 elementor-top-column elementor-element elementor-element-6b36965\" data-id=\"6b36965\" data-element_type=\"column\">\n\t\t\t<div class=\"elementor-column-wrap elementor-element-populated\">\n\t\t\t\t\t\t\t<div class=\"elementor-widget-wrap\">\n\t\t\t\t\t\t<div class=\"elementor-element elementor-element-7867f83 elementor-widget elementor-widget-spacer\" data-id=\"7867f83\" data-element_type=\"widget\" data-widget_type=\"spacer.default\">\n\t\t\t\t<div class=\"elementor-widget-container\">\n\t\t\t\t\t<div class=\"elementor-spacer\">\n\t\t\t<div class=\"elementor-spacer-inner\"><\/div>\n\t\t<\/div>\n\t\t\t\t<\/div>\n\t\t\t\t<\/div>\n\t\t\t\t\t\t<\/div>\n\t\t\t\t\t<\/div>\n\t\t<\/div>\n\t\t\t\t\t\t\t\t<\/div>\n\t\t\t\t\t<\/div>\n\t\t<\/section>\n\t\t\t\t\t\t<\/div>\n\t\t\t\t\t\t<\/div>\n\t\t\t\t\t<\/div>\n\t\t","protected":false},"excerpt":{"rendered":"<p>Nos articles<\/p>\n","protected":false},"author":1,"featured_media":0,"parent":0,"menu_order":0,"comment_status":"closed","ping_status":"closed","template":"elementor_header_footer","meta":[],"yoast_head":"<!-- This site is optimized with the Yoast SEO plugin v16.1.1 - https:\/\/yoast.com\/wordpress\/plugins\/seo\/ -->\n<title>Blog - 5IS<\/title>\n<link rel=\"canonical\" href=\"https:\/\/dev.5istelecom.fr\/index.php\/blog\/\" \/>\n<meta property=\"og:locale\" content=\"fr_FR\" \/>\n<meta property=\"og:type\" content=\"article\" \/>\n<meta property=\"og:title\" content=\"Blog - 5IS\" \/>\n<meta property=\"og:description\" content=\"Nos articles\" \/>\n<meta property=\"og:url\" content=\"https:\/\/dev.5istelecom.fr\/index.php\/blog\/\" \/>\n<meta property=\"og:site_name\" content=\"5IS\" \/>\n<meta property=\"article:modified_time\" content=\"2021-04-28T13:41:05+00:00\" \/>\n<meta name=\"twitter:card\" content=\"summary_large_image\" \/>\n<meta name=\"twitter:label1\" content=\"Dur\u00e9e de lecture est.\">\n\t<meta name=\"twitter:data1\" content=\"2 minutes\">\n<script type=\"application\/ld+json\" class=\"yoast-schema-graph\">{\"@context\":\"https:\/\/schema.org\",\"@graph\":[{\"@type\":\"WebSite\",\"@id\":\"https:\/\/dev.5istelecom.fr\/#website\",\"url\":\"https:\/\/dev.5istelecom.fr\/\",\"name\":\"5IS\",\"description\":\"\",\"potentialAction\":[{\"@type\":\"SearchAction\",\"target\":\"https:\/\/dev.5istelecom.fr\/?s={search_term_string}\",\"query-input\":\"required name=search_term_string\"}],\"inLanguage\":\"fr-FR\"},{\"@type\":\"WebPage\",\"@id\":\"https:\/\/dev.5istelecom.fr\/index.php\/blog\/#webpage\",\"url\":\"https:\/\/dev.5istelecom.fr\/index.php\/blog\/\",\"name\":\"Blog - 5IS\",\"isPartOf\":{\"@id\":\"https:\/\/dev.5istelecom.fr\/#website\"},\"datePublished\":\"2021-03-25T11:06:02+00:00\",\"dateModified\":\"2021-04-28T13:41:05+00:00\",\"breadcrumb\":{\"@id\":\"https:\/\/dev.5istelecom.fr\/index.php\/blog\/#breadcrumb\"},\"inLanguage\":\"fr-FR\",\"potentialAction\":[{\"@type\":\"ReadAction\",\"target\":[\"https:\/\/dev.5istelecom.fr\/index.php\/blog\/\"]}]},{\"@type\":\"BreadcrumbList\",\"@id\":\"https:\/\/dev.5istelecom.fr\/index.php\/blog\/#breadcrumb\",\"itemListElement\":[{\"@type\":\"ListItem\",\"position\":1,\"item\":{\"@type\":\"WebPage\",\"@id\":\"https:\/\/dev.5istelecom.fr\/\",\"url\":\"https:\/\/dev.5istelecom.fr\/\",\"name\":\"Accueil\"}},{\"@type\":\"ListItem\",\"position\":2,\"item\":{\"@type\":\"WebPage\",\"@id\":\"https:\/\/dev.5istelecom.fr\/index.php\/blog\/\",\"url\":\"https:\/\/dev.5istelecom.fr\/index.php\/blog\/\",\"name\":\"Blog\"}}]}]}<\/script>\n<!-- \/ Yoast SEO plugin. -->","_links":{"self":[{"href":"https:\/\/dev.5istelecom.fr\/index.php\/wp-json\/wp\/v2\/pages\/1910"}],"collection":[{"href":"https:\/\/dev.5istelecom.fr\/index.php\/wp-json\/wp\/v2\/pages"}],"about":[{"href":"https:\/\/dev.5istelecom.fr\/index.php\/wp-json\/wp\/v2\/types\/page"}],"author":[{"embeddable":true,"href":"https:\/\/dev.5istelecom.fr\/index.php\/wp-json\/wp\/v2\/users\/1"}],"replies":[{"embeddable":true,"href":"https:\/\/dev.5istelecom.fr\/index.php\/wp-json\/wp\/v2\/comments?post=1910"}],"version-history":[{"count":31,"href":"https:\/\/dev.5istelecom.fr\/index.php\/wp-json\/wp\/v2\/pages\/1910\/revisions"}],"predecessor-version":[{"id":3870,"href":"https:\/\/dev.5istelecom.fr\/index.php\/wp-json\/wp\/v2\/pages\/1910\/revisions\/3870"}],"wp:attachment":[{"href":"https:\/\/dev.5istelecom.fr\/index.php\/wp-json\/wp\/v2\/media?parent=1910"}],"curies":[{"name":"wp","href":"https:\/\/api.w.org\/{rel}","templated":true}]}}